n base 8?
153
-3 (base 14) to base 4
-3
-130 (base 6) to base 16
-36
100 (base 2) to base 16
4
-6 (base 9) to base 11
-6
What is -451 (base 6) in base 5?
-1200
Convert -351 (base 7) to base 8.
-267
What is 1 (base 8) in base 3?
1
2 (base 8) to base 5
2
What is -24 (base 15) in base 10?
-34
-5 (base 15) to base 11
-5
What is 21 (base 7) in base 3?
120
Convert -1 (base 11) to base 14.
-1
Convert 7 (base 10) to base 6.
11
Convert 59 (base 10) to base 15.
3e
3 (base 9) to base 8
3
Convert -131 (base 4) to base 10.
-29
124 (base 6) to base 15
37
What is 0 (base 2) in base 10?
0
Convert 4 (base 6) to base 14.
4
Convert 1101 (base 2) to base 16.
d
Convert -22 (base 3) to base 6.
-12
What is -71 (base 16) in base 2?
-1110001
-3 (base 9) to base 16
-3
Convert -5 (base 8) to base 6.
-5
-4 (base 5) to base 10
-4
-305 (base 8) to base 2
-11000101
What is 2 (base 10) in base 6?
2
What is 0 (base 13) in base 10?
0
Convert 0 (base 2) to base 11.
0
Convert -61 (base 13) to base 16.
-4f
Convert 2 (base 7) to base 4.
2
What is 110 (base 2) in base 10?
6
Convert 22 (base 15) to base 11.
2a
What is -4 (base 16) in base 10?
-4
-ba (base 13) to base 11
-12a
Convert -27 (base 10) to base 13.
-21
Convert -1 (base 9) to base 7.
-1
What is 24 (base 12) in base 15?
1d
101100 (base 2) to base 6
112
What is 4 (base 8) in base 15?
4
-11 (base 10) to base 12
-b
-3 (base 13) to base 5
-3
-35 (base 9) to base 8
-40
What is 24 (base 10) in base 7?
33
-7 (base 13) to base 6
-11
What is 0 (base 14) in base 13?
0
Convert 11 (base 11) to base 4.
30
Convert 15 (base 10) to base 16.
f
-66 (base 7) to base 8
-60
Convert 0 (base 10) to base 3.
0
Convert 202 (base 3) to base 13.
17
What is -1211 (base 5) in base 15?
-c1
-223 (base 7) to base 15
-7a
Convert 101 (base 3) to base 7.
13
Convert 6 (base 13) to base 14.
6
Convert 41 (base 6) to base 2.
11001
4 (base 9) to base 10
4
6 (base 14) to base 5
11
What is 22 (base 14) in base 8?
36
Convert -1023 (base 4) to base 12.
-63
What is 110 (base 3) in base 6?
20
Convert 37 (base 11) to base 8.
50
Convert 11 (base 6) to base 15.
7
-2 (base 11) to base 13
-2
What is 4 (base 9) in base 5?
4
-1b (base 12) to base 2
-10111
What is 0 (base 4) in base 16?
0
What is -1 (base 16) in base 7?
-1
4 (base 14) to base 10
4
-111 (base 4) to base 8
-25
-1a (base 11) to base 8
-25
54 (base 14) to base 7
134
What is -190 (base 11) in base 5?
-1340
What is 11 (base 11) in base 7?
15
What is 1003 (base 6) in base 11?
18a
-20 (base 3) to base 8
-6
-43 (base 11) to base 13
-38
Convert 102 (base 3) to base 12.
b
12 (base 5) to base 9
7
What is -2 (base 3) in base 4?
-2
Convert 5 (base 15) to base 7.
5
1 (base 9) to base 14
1
What is -9 (base 11) in base 13?
-9
What is -454 (base 8) in base 3?
-102010
What is 5 (base 13) in base 11?
5
Convert 1150 (base 6) to base 2.
100011010
Convert -5d (base 14) to base 6.
-215
Convert 14 (base 5) to base 10.
9
Convert 3 (base 6) to base 13.
3
-25 (base 6) to base 12
-15
What is 2 (base 12) in base 13?
2
What is -2 (base 12) in base 9?
-2
Convert -1 (base 8) to base 6.
-1
What is 201 (base 3) in base 16?
13
What is -412 (base 5) in base 4?
-1223
Convert -2 (base 3) to base 10.
-2
Convert 140 (base 6) to base 8.
74
-20 (base 6) to base 15
-c
Convert 49 (base 11) to base 10.
53
What is -14 (base 7) in base 11?
-10
-13 (base 7) to base 15
-a
What is -56 (base 8) in base 4?
-232
231 (base 5) to base 12
56
What is 1 (base 12) in base 10?
1
131 (base 5) to base 14
2d
Convert -31 (base 9) to base 11.
-26
What is 40 (base 16) in base 8?
100
2 (base 9) to base 8
2
1c (base 14) to base 5
101
Convert -180 (base 9) to base 11.
-12a
Convert 115 (base 7) to base 4.
331
Convert -100 (base 2) to base 7.
-4
-123 (base 7) to base 11
-60
11 (base 4) to base 12
5
Convert 4 (base 6) to base 2.
100
What is 0 (base 8) in base 4?
0
Convert -2 (base 5) to base 14.
-2
80 (base 10) to base 13
62
What is -1 (base 8) in base 3?
-1
-6 (base 8) to base 9
-6
Convert -13 (base 5) to base 12.
-8
Convert 3 (base 11) to base 16.
3
13 (base 13) to base 2
10000
Convert 240 (base 7) to base 3.
11200
Convert 24 (base 8) to base 7.
26
-2 (base 12) to base 15
-2
73 (base 10) to base 9
81
-31 (base 14) to base 15
-2d
What is -3 (base 5) in base 4?
-3
Convert 20 (base 5) to base 6.
14
Convert -3 (base 14) to base 6.
-3
Convert 73 (base 12) to base 3.
10020
-7 (base 13) to base 6
-11
What is -21 (base 13) in base 8?
-33
What is -2 (base 3) in base 13?
-2
2 (base 15) to base 5
2
5 (base 10) to base 7
5
What is -10201 (base 3) in base 11?
-91
What is -345 (base 6) in base 13?
-a7
-1013 (base 4) to base 13
-56
Convert -25 (base 13) to base 8.
-37
-40 (base 13) to base 15
-37
Convert -15 (base 11) to base 2.
-10000
What is -62 (base 12) in base 15?
-4e
Convert 70 (base 9) to base 6.
143
1c (base 14) to base 5
101
Convert -1 (base 10) to base 2.
-1
Convert -6a (base 16) to base 5.
-411
10 (base 3) to base 9
3
2 (base 16) to base 15
2
8 (base 13) to base 8
10
What is 4 (base 11) in base 14?
4
What is 11 (base 3) in base 15?
4
0 (base 7) to base 15
0
What is -132 (base 6) in base 3?
-2002
Convert 5 (base 11) to base 14.
5
What is d (base 16) in base 6?
21
Convert 2 (base 9) to base 5.
2
6 (base 11) to base 6
10
What is 2 (base 5) in base 16?
2
30 (base 10) to base 4
132
Convert 2 (base 15) to base 14.
2
What is -1 (base 13) in base 15?
-1
What is -1 (base 10) in base 15?
-1
What is -1 (base 8) in base 10?
-1
What is -2 (base 11) in base 7?
-2
Convert 11 (base 9) to base 10.
10
Convert 223 (base 7) to base 4.
1303
What is 89 (base 15) in base 16?
81
What is 11100001 (base 2) in base 10?
225
Convert -110 (base 2) to base 5.
-11
Convert 15c (base 15) to base 13.
1b0
Convert -131 (base 6) to base 3.
-2001
-1 (base 3) to base 12
-1
What is 265 (base 7) in base 8?
221
-13 (base 7) to base 10
-10
Convert 2 (base 8) to base 6.
2
Convert 11220 (base 3) to base 7.
246
-29 (base 16) to base 6
-105
-2 (base 8) to base 13
-2
What is 8 (base 10) in base 12?
8
Convert 32 (base 7) to base 5.
43
0 (base 13) to base 2
0
What is 3 (base 8) in base 5?
3
Convert -9 (base 15) to base 13.
-9
What is -1 (base 13) in base 10?
-1
-101110 (base 2) to base 8
-56
What is 4 (base 13) in base 4?
10
What is -13 (base 7) in base 10?
-10
What is -1 (base 14) in base 5?
-1
Convert 1400 (base 5) to base 6.
1013
Convert 344 (base 7) to base 6.
455
20 (base 7) to base 16
e
-7 (base 15) to base 16
-7
What is 46 (base 8) in base 6?
102
-1 (base 15) to base 6
-1
Convert -6 (base 8) to base 4.
-12
-29 (base 12) to base 3
-1020
What is 4 (base 9) in base 12?
4
-11a (base 11) to base 10
-142
Convert 25 (base 7) to base 6.
31
Convert -249 (base 10) to base 6.
-1053
Convert 33 (base 8) to base 5.
102
10 (base 7) to base 12
7
Convert -2 (base 6) to base 4.
-2
Convert -5 (base 13) to base 3.
-12
What is -5 (base 11) in base 9?
-5
1 (base 4) to base 7
1
What is -1 (base 15) in base 16?
-1
What is -15 (base 6) in base 4?
-23
What is 30 (base 9) in base 12?
23
-302 (base 4) to base 6
-122
What is -112 (base 4) in base 2?
-10110
What is 2 (base 10) in base 4?
2
What is -1a (base 12) in base 5?
-42
What is -1111011 (base 2) in base 15?
-83
What is -44 (base 16) in base 4?
-1010
Convert -2 (base 3) to base 9.
-2
Convert -23 (base 15) to base 7.
-45
Convert 5 (base 16) to base 10.
5
Convert -3 (base 7) to base 5.
-3
What is 1001 (base 4) in base 13?
50
Convert d (base 16) to base 4.
31
Convert -3 (base 7) to base 10.
-3
Convert -50 (base 15) to base 14.
-55
What is 11 (base 2) in base 12?
3
Convert -1200 (base 4) to base 6.
-240
12 (base 15) to base 12
15
Convert -12 (base 4) to base 2.
-110
Convert -c (base 16) to base 5.
-22
What is 108 (base 10) in base 2?
1101100
Convert 27 (base 11) to base 2.
11101
Convert 110010 (base 2) to base 16.
32
Convert 3 (base 16) to base 12.
3
What is 1 (base 9) in base 8?
1
What is 36 (base 7) in base 14?
1d
What is 23 (base 15) in base 13?
27
What is -13 (base 9) in base 15?
-c
Convert 11 (base 7) to base 9.
8
Convert 2022 (base 3) to base 11.
57
Convert -7 (base 16) to base 4.
-13
What is 0 (base 6) in base 11?
0
-24 (base 8) to base 12
-18
What is -23 (base 10) in base 12?
-1b
What is -10 (base 2) in base 5?
-2
Convert 2 (base 9) to base 6.
2
Convert -2 (base 3) to base 12.
-2
-4 (base 6) to